, 3, 5, 151, 787
List the prime factors of 4506728338.
2, 7, 321909167
List the prime factors of 64371977.
1151, 55927
What are the prime factors of 1857183610?
2, 5, 185718361
What are the prime factors of 8609331014?
2, 37, 61, 103, 18517
What are the prime factors of 451591861?
7, 103, 626341
List the prime factors of 8058579.
3, 23, 116791
What are the prime factors of 689501888?
2, 79, 136373
What are the prime factors of 27433814?
2, 317, 43271
What are the prime factors of 268740416?
2, 7, 397, 1511
What are the prime factors of 798611297?
11, 72601027
List the prime factors of 261648792.
2, 3, 134593
List the prime factors of 886679178.
2, 3, 7, 11, 43, 44633
What are the prime factors of 3862251400?
2, 5, 7, 43, 64157
What are the prime factors of 126585448?
2, 11, 19, 75709
What are the prime factors of 15999446?
2, 61, 131143
What are the prime factors of 2044680400?
2, 5, 7, 59, 12377
What are the prime factors of 2012082502?
2, 47, 73, 293221
List the prime factors of 374860642.
2, 13, 17, 848101
List the prime factors of 28184650.
2, 5, 13, 131, 331
List the prime factors of 4389056072.
2, 548632009
List the prime factors of 275838770.
2, 5, 17, 19, 23, 47, 79
List the prime factors of 6272254505.
5, 11, 114040991
List the prime factors of 101501072.
2, 61, 103997
List the prime factors of 135229154.
2, 37, 1827421
What are the prime factors of 140910116?
2, 35227529
List the prime factors of 47513499.
3, 11, 1439803
List the prime factors of 1700006193.
3, 7369, 25633
What are the prime factors of 173550778?
2, 23, 137, 27539
What are the prime factors of 130020259?
251, 547, 947
List the prime factors of 866818218.
2, 3, 7, 31, 151, 4409
What are the prime factors of 4105578829?
11, 17, 41, 535487
What are the prime factors of 2541941?
2541941
List the prime factors of 3929505598.
2, 37, 337, 157571
List the prime factors of 501100314.
2, 3, 11, 13, 584033
What are the prime factors of 445450772?
2, 13, 47, 97, 1879
What are the prime factors of 697299089?
31, 22493519
What are the prime factors of 154089622?
2, 77044811
List the prime factors of 390287922.
2, 3, 65047987
List the prime factors of 152670037.
13, 223, 4051
What are the prime factors of 821239455?
3, 5, 601, 91097
List the prime factors of 249297296.
2, 431, 36151
List the prime factors of 49722699.
3, 13, 1274941
List the prime factors of 11548783.
23, 502121
List the prime factors of 83481652.
2, 719, 29027
What are the prime factors of 47434189?
11, 193, 22343
What are the prime factors of 2059798415?
5, 11173, 36871
List the prime factors of 148844068.
2, 37211017
List the prime factors of 278569685.
5, 107, 520691
List the prime factors of 49094325.
3, 5, 7, 61, 73
What are the prime factors of 664910626?
2, 107, 223, 13933
What are the prime factors of 29811205?
5, 5962241
List the prime factors of 105940445.
5, 13, 1629853
What are the prime factors of 97254066?
2, 3, 7, 13, 59, 3019
What are the prime factors of 172448927?
7, 349, 70589
What are the prime factors of 141475261?
141475261
What are the prime factors of 120075284?
2, 7, 17, 36037
What are the prime factors of 206315851?
7, 19, 379, 4093
List the prime factors of 8500372.
2, 19, 111847
What are the prime factors of 2093369261?
19861, 105401
What are the prime factors of 90590030?
2, 5, 67, 135209
List the prime factors of 285268858.
2, 7, 20376347
What are the prime factors of 984531614?
2, 11, 29, 157, 9829
What are the prime factors of 27499727?
17, 691, 2341
What are the prime factors of 70706608?
2, 7, 90187
What are the prime factors of 167716988?
2, 41929247
List the prime factors of 728127822.
2, 3, 121354637
List the prime factors of 119571543.
3, 7, 13, 83, 1759
List the prime factors of 431558908.
2, 11, 2539, 3863
List the prime factors of 1677996.
2, 3, 5179
List the prime factors of 1952592544.
2, 7, 23, 378997
List the prime factors of 4529308070.
2, 5, 7, 2053, 31517
List the prime factors of 180738009.
3, 733, 27397
List the prime factors of 1515582697.
1515582697
List the prime factors of 1438824252.
2, 3, 6229, 19249
What are the prime factors of 1921058327?
17, 19, 191, 31139
List the prime factors of 67417637.
7, 9631091
List the prime factors of 146555724.
2, 3, 7, 23, 31, 2447
List the prime factors of 2301783300.
2, 3, 5, 929, 2753
List the prime factors of 120794981.
229, 527489
List the prime factors of 2285042182.
2, 17, 19, 29, 283, 431
List the prime factors of 36130406.
2, 13, 17, 43, 1901
List the prime factors of 196131331.
11, 41, 434881
List the prime factors of 48793183.
48793183
What are the prime factors of 99507117?
3, 31, 43, 149, 167
What are the prime factors of 1390365991?
7, 9413, 21101
List the prime factors of 16970199.
3, 17, 332749
What are the prime factors of 86648496?
2, 3, 11, 379, 433
What are the prime factors of 50870399?
50870399
List the prime factors of 400751078.
2, 7, 13, 19, 115891
List the prime factors of 552043992.
2, 3, 17, 353, 3833
List the prime factors of 48997747.
41, 1195067
What are the prime factors of 52775008?
2, 11, 13, 19, 607
List the prime factors of 103993572.
2, 3, 167, 51893
What are the prime factors of 4126880976?
2, 3, 85976687
What are the prime factors of 230354402?
2, 115177201
List the prime factors of 76792598.
2, 38396299
List the prime factors of 569453949.
3, 139, 151733
What are the prime factors of 2320278370?
2, 5, 307, 755791
List the prime factors of 13061450.
2, 5, 261229
What are the prime factors of 345607630?
2, 5, 223, 154981
What are the prime factors of 1058398837?
1058398837
List the prime factors of 28029802.
2, 103, 136067
What are the prime factors of 2530962364?
2, 7, 877, 103069
What are the prime factors of 2676536361?
3, 297392929
What are the prime factors of 485027049?
3, 13, 12436591
What are the prime factors of 444464301?
3, 709, 208963
List the prime factors of 856251855.
3, 5, 2423, 7853
What are the prime factors of 2254639931?
331, 6811601
What are the prime factors of 326647556?
2, 47, 127, 13681
List the prime factors of 3250442169.
3, 13, 163, 56813
What are the prime factors of 63763131?
3, 21254377
What are the prime factors of 1955113239?
3, 31, 21022723
What are the prime factors of 152280476?
2, 38070119
List the prime factors of 520069346.
2, 14717, 17669
List the prime factors of 873271371.
3, 7, 4937, 8423
List the prime factors of 1198683562.
2, 599341781
What are the prime factors of 4056006919?
10723, 378253
List the prime factors of 108940195.
5, 7, 13, 239429
What are the prime factors of 81689366?
2, 11, 3713153
List the prime factors of 67140251.
131, 512521
What are the prime factors of 68586172?
2, 17146543
List the prime factors of 1520889801.
3, 506963267
What are the prime factors of 1672427147?
8101, 206447
What are the prime factors of 483251572?
2, 120812893
List the prime factors of 43583950.
2, 5, 871679
What are the prime factors of 110539931?
2203, 50177
What are the prime factors of 20981730?
2, 3, 5, 7, 11, 31, 293
List the prime factors of 2239935488.
2, 7, 211, 1481
List the prime factors of 87960230.
2, 5, 227, 38749
List the prime factors of 53211889.
53211889
What are the prime factors of 89303442?
2, 3, 14883907
What are the prime factors of 9478429?
71, 133499
List the prime factors of 186348648.
2, 3, 7764527
What are the prime factors of 266314114?
2, 11, 757, 15991
List the prime factors of 38245829.
1847, 20707
What are the prime factors of 52763159?
73, 722783
List the prime factors of 118252193.
43, 241, 11411
What are the prime factors of 970023055?
5, 19, 10210769
What are the prime factors of 93665357?
93665357
What are the prime factors of 251596575?
3, 5, 19, 229, 257
List the prime factors of 1922030423.
139, 13827557
What are the prime factors of 2639315538?
2, 3, 146628641
What are the prime factors of 392152570?
2, 5, 97, 109, 3709
List the prime factors of 71306481.
3, 23768827
List the prime factors of 1941479617.
7, 11, 29, 4283
List the prime factors of 355296274.
2, 37, 83, 57847
What are the prime factors of 692000538?
2, 3, 17, 31, 218849
List the prime factors of 2297916534.
2, 3, 1171, 327059
What are the prime factors of 703812?
2, 3, 89, 659
List the prime factors of 56345057.
29, 47, 67, 617
What are the p